{"id":12,"date":"2023-12-08T19:02:02","date_gmt":"2023-12-08T19:02:02","guid":{"rendered":"https:\/\/dentalsims.cl\/?page_id=12"},"modified":"2025-06-11T00:55:04","modified_gmt":"2025-06-11T00:55:04","slug":"empresa","status":"publish","type":"page","link":"https:\/\/dentalsims.cl\/index.php\/empresa\/","title":{"rendered":"Empresa"},"content":{"rendered":"\t\t<div data-elementor-type=\"wp-page\" data-elementor-id=\"12\" class=\"elementor elementor-12\" data-elementor-settings=\"{&quot;ha_cmc_init_switcher&quot;:&quot;no&quot;}\">\n\t\t\t\t<div class=\"elementor-element elementor-element-a502c62 e-flex e-con-boxed e-con e-parent\" data-id=\"a502c62\" data-element_type=\"container\" data-e-type=\"container\" data-settings=\"{&quot;shape_divider_top&quot;:&quot;arrow&quot;,&quot;_ha_eqh_enable&quot;:false}\">\n\t\t\t\t\t<div class=\"e-con-inner\">\n\t\t\t\t<div class=\"elementor-shape elementor-shape-top\" aria-hidden=\"true\" data-negative=\"false\">\n\t\t\t<svg xmlns=\"http:\/\/www.w3.org\/2000\/svg\" viewBox=\"0 0 700 10\" preserveAspectRatio=\"none\">\n\t<path class=\"elementor-shape-fill\" d=\"M350,10L340,0h20L350,10z\"\/>\n<\/svg>\t\t<\/div>\n\t\t\t\t<div class=\"elementor-element elementor-element-abc13c2 elementor-widget elementor-widget-image\" data-id=\"abc13c2\" data-element_type=\"widget\" data-e-type=\"widget\" data-widget_type=\"image.default\">\n\t\t\t\t<div class=\"elementor-widget-container\">\n\t\t\t\t\t\t\t\t\t\t\t\t\t\t\t<img fetchpriority=\"high\" decoding=\"async\" width=\"411\" height=\"150\" src=\"https:\/\/dentalsims.cl\/wp-content\/uploads\/2023\/12\/LOGO.png\" class=\"attachment-large size-large wp-image-25\" alt=\"\" srcset=\"https:\/\/dentalsims.cl\/wp-content\/uploads\/2023\/12\/LOGO.png 411w, https:\/\/dentalsims.cl\/wp-content\/uploads\/2023\/12\/LOGO-300x109.png 300w\" sizes=\"(max-width: 411px) 100vw, 411px\" \/>\t\t\t\t\t\t\t\t\t\t\t\t\t\t\t<\/div>\n\t\t\t\t<\/div>\n\t\t\t\t<div class=\"elementor-element elementor-element-8463a2f elementor-widget-divider--view-line elementor-widget elementor-widget-divider\" data-id=\"8463a2f\" data-element_type=\"widget\" data-e-type=\"widget\" data-widget_type=\"divider.default\">\n\t\t\t\t<div class=\"elementor-widget-container\">\n\t\t\t\t\t\t\t<div class=\"elementor-divider\">\n\t\t\t<span class=\"elementor-divider-separator\">\n\t\t\t\t\t\t<\/span>\n\t\t<\/div>\n\t\t\t\t\t\t<\/div>\n\t\t\t\t<\/div>\n\t\t\t\t<div class=\"elementor-element elementor-element-cb90de8 elementor-widget elementor-widget-text-editor\" data-id=\"cb90de8\" data-element_type=\"widget\" data-e-type=\"widget\" data-widget_type=\"text-editor.default\">\n\t\t\t\t<div class=\"elementor-widget-container\">\n\t\t\t\t\t\t\t\t\t<p><em>Dental SIMS es una Empresa que entrega un servicio t\u00e9cnico de reparaci\u00f3n y mantenimiento de equipos dentales, ubicada en la ciudad de Puerto Montt, la cual ofrece instalaci\u00f3n, mantenimiento preventivo, reparaci\u00f3n y repuestos para sillones dentales, compresores y autoclaves.<\/em><\/p><p><em>El modelo de negocio establecida por Dental SIMS consiste en ofrecer una soluci\u00f3n eficiente, en el menor tiempo posible a cualquier desperfecto que pueda ocurrir en sus equipos dentales y de esa forma mantener la m\u00e1xima productividad de sus equipos, junto a una alta calidad de servicio, a trav\u00e9s de profesionales especializados, equipamiento e insumos de \u00faltima generaci\u00f3n, basado en el Modelo de mantenci\u00f3n Integral.<\/em><\/p><p><em>Dental SIMS entrega un servicio basado en la calidad superior del mantenimiento y la atenci\u00f3n personalizada a nuestros clientes. Con un innovador sistema de suscripci\u00f3n a nuestra amplia gama de servicios aprovechando al m\u00e1ximo las \u00faltimas tecnolog\u00edas en mantenci\u00f3n de equipos dentales aportando de forma directa a la constante mejora que toda cl\u00ednica dental y red de atenci\u00f3n p\u00fablica que deben proporcionar al paciente junto a la satisfacci\u00f3n por el servicio brindado.<\/em><\/p>\t\t\t\t\t\t\t\t<\/div>\n\t\t\t\t<\/div>\n\t\t\t\t\t<\/div>\n\t\t\t\t<\/div>\n\t\t<div class=\"elementor-element elementor-element-cb213b3 e-flex e-con-boxed e-con e-parent\" data-id=\"cb213b3\" data-element_type=\"container\" data-e-type=\"container\" data-settings=\"{&quot;_ha_eqh_enable&quot;:false}\">\n\t\t\t\t\t<div class=\"e-con-inner\">\n\t\t<div class=\"elementor-element elementor-element-e9aa152 e-con-full e-flex e-con e-child\" data-id=\"e9aa152\" data-element_type=\"container\" data-e-type=\"container\" data-settings=\"{&quot;_ha_eqh_enable&quot;:false}\">\n\t\t\t\t<div class=\"elementor-element elementor-element-cf71004 elementor-widget elementor-widget-heading\" data-id=\"cf71004\" data-element_type=\"widget\" data-e-type=\"widget\" data-widget_type=\"heading.default\">\n\t\t\t\t<div class=\"elementor-widget-container\">\n\t\t\t\t\t<h3 class=\"elementor-heading-title elementor-size-default\">Nuestra Visi\u00f3n<\/h3>\t\t\t\t<\/div>\n\t\t\t\t<\/div>\n\t\t\t\t<div class=\"elementor-element elementor-element-a6e0937 elementor-widget-divider--view-line elementor-widget elementor-widget-divider\" data-id=\"a6e0937\" data-element_type=\"widget\" data-e-type=\"widget\" data-widget_type=\"divider.default\">\n\t\t\t\t<div class=\"elementor-widget-container\">\n\t\t\t\t\t\t\t<div class=\"elementor-divider\">\n\t\t\t<span class=\"elementor-divider-separator\">\n\t\t\t\t\t\t<\/span>\n\t\t<\/div>\n\t\t\t\t\t\t<\/div>\n\t\t\t\t<\/div>\n\t\t\t\t<div class=\"elementor-element elementor-element-78ff0f5 elementor-view-default elementor-widget elementor-widget-icon\" data-id=\"78ff0f5\" data-element_type=\"widget\" data-e-type=\"widget\" data-widget_type=\"icon.default\">\n\t\t\t\t<div class=\"elementor-widget-container\">\n\t\t\t\t\t\t\t<div class=\"elementor-icon-wrapper\">\n\t\t\t<div class=\"elementor-icon\">\n\t\t\t<svg aria-hidden=\"true\" class=\"e-font-icon-svg e-fas-book-open\" viewBox=\"0 0 576 512\" xmlns=\"http:\/\/www.w3.org\/2000\/svg\"><path d=\"M542.22 32.05c-54.8 3.11-163.72 14.43-230.96 55.59-4.64 2.84-7.27 7.89-7.27 13.17v363.87c0 11.55 12.63 18.85 23.28 13.49 69.18-34.82 169.23-44.32 218.7-46.92 16.89-.89 30.02-14.43 30.02-30.66V62.75c.01-17.71-15.35-31.74-33.77-30.7zM264.73 87.64C197.5 46.48 88.58 35.17 33.78 32.05 15.36 31.01 0 45.04 0 62.75V400.6c0 16.24 13.13 29.78 30.02 30.66 49.49 2.6 149.59 12.11 218.77 46.95 10.62 5.35 23.21-1.94 23.21-13.46V100.63c0-5.29-2.62-10.14-7.27-12.99z\"><\/path><\/svg>\t\t\t<\/div>\n\t\t<\/div>\n\t\t\t\t\t\t<\/div>\n\t\t\t\t<\/div>\n\t\t\t\t<div class=\"elementor-element elementor-element-20ee612 elementor-widget elementor-widget-text-editor\" data-id=\"20ee612\" data-element_type=\"widget\" data-e-type=\"widget\" data-widget_type=\"text-editor.default\">\n\t\t\t\t<div class=\"elementor-widget-container\">\n\t\t\t\t\t\t\t\t\t<p>La visi\u00f3n de Dental SIMS es que toda cl\u00ednica dental y red de atenci\u00f3n p\u00fablica entregue un servicio de manera continua y oportuna con el m\u00e1s alto nivel de productividad y seguridad, contribuyendo positivamente en la productividad de sus equipos dentales.<\/p>\t\t\t\t\t\t\t\t<\/div>\n\t\t\t\t<\/div>\n\t\t\t\t<\/div>\n\t\t<div class=\"elementor-element elementor-element-bf0e76c e-con-full e-flex e-con e-child\" data-id=\"bf0e76c\" data-element_type=\"container\" data-e-type=\"container\" data-settings=\"{&quot;_ha_eqh_enable&quot;:false}\">\n\t\t\t\t<div class=\"elementor-element elementor-element-a67d9dc elementor-widget elementor-widget-heading\" data-id=\"a67d9dc\" data-element_type=\"widget\" data-e-type=\"widget\" data-widget_type=\"heading.default\">\n\t\t\t\t<div class=\"elementor-widget-container\">\n\t\t\t\t\t<h3 class=\"elementor-heading-title elementor-size-default\">Nuestra Misi\u00f3n<\/h3>\t\t\t\t<\/div>\n\t\t\t\t<\/div>\n\t\t\t\t<div class=\"elementor-element elementor-element-0de0147 elementor-widget-divider--view-line elementor-widget elementor-widget-divider\" data-id=\"0de0147\" data-element_type=\"widget\" data-e-type=\"widget\" data-widget_type=\"divider.default\">\n\t\t\t\t<div class=\"elementor-widget-container\">\n\t\t\t\t\t\t\t<div class=\"elementor-divider\">\n\t\t\t<span class=\"elementor-divider-separator\">\n\t\t\t\t\t\t<\/span>\n\t\t<\/div>\n\t\t\t\t\t\t<\/div>\n\t\t\t\t<\/div>\n\t\t\t\t<div class=\"elementor-element elementor-element-767403a elementor-view-default elementor-widget elementor-widget-icon\" data-id=\"767403a\" data-element_type=\"widget\" data-e-type=\"widget\" data-widget_type=\"icon.default\">\n\t\t\t\t<div class=\"elementor-widget-container\">\n\t\t\t\t\t\t\t<div class=\"elementor-icon-wrapper\">\n\t\t\t<div class=\"elementor-icon\">\n\t\t\t<svg aria-hidden=\"true\" class=\"e-font-icon-svg e-fas-book-reader\" viewBox=\"0 0 512 512\" xmlns=\"http:\/\/www.w3.org\/2000\/svg\"><path d=\"M352 96c0-53.02-42.98-96-96-96s-96 42.98-96 96 42.98 96 96 96 96-42.98 96-96zM233.59 241.1c-59.33-36.32-155.43-46.3-203.79-49.05C13.55 191.13 0 203.51 0 219.14v222.8c0 14.33 11.59 26.28 26.49 27.05 43.66 2.29 131.99 10.68 193.04 41.43 9.37 4.72 20.48-1.71 20.48-11.87V252.56c-.01-4.67-2.32-8.95-6.42-11.46zm248.61-49.05c-48.35 2.74-144.46 12.73-203.78 49.05-4.1 2.51-6.41 6.96-6.41 11.63v245.79c0 10.19 11.14 16.63 20.54 11.9 61.04-30.72 149.32-39.11 192.97-41.4 14.9-.78 26.49-12.73 26.49-27.06V219.14c-.01-15.63-13.56-28.01-29.81-27.09z\"><\/path><\/svg>\t\t\t<\/div>\n\t\t<\/div>\n\t\t\t\t\t\t<\/div>\n\t\t\t\t<\/div>\n\t\t\t\t<div class=\"elementor-element elementor-element-defb505 elementor-widget elementor-widget-text-editor\" data-id=\"defb505\" data-element_type=\"widget\" data-e-type=\"widget\" data-widget_type=\"text-editor.default\">\n\t\t\t\t<div class=\"elementor-widget-container\">\n\t\t\t\t\t\t\t\t\t<p>La misi\u00f3n de Dental SIMS es contribuir a elevar el nivel de atenci\u00f3n de la salud bucal proporcionado por las cl\u00ednicas dentales y red de atenci\u00f3n p\u00fablica, a trav\u00e9s de un modelo de negocio innovador, sobre la base de un servicio t\u00e9cnico altamente calificado, con uso de tecnolog\u00eda de \u00faltima generaci\u00f3n y \u00e9nfasis en la soluci\u00f3n de problemas.<\/p>\t\t\t\t\t\t\t\t<\/div>\n\t\t\t\t<\/div>\n\t\t\t\t<\/div>\n\t\t\t\t\t<\/div>\n\t\t\t\t<\/div>\n\t\t\t\t<\/div>\n\t\t","protected":false},"excerpt":{"rendered":"<p>Dental SIMS es una Empresa que entrega un servicio t\u00e9cnico de reparaci\u00f3n y mantenimiento de equipos dentales, ubicada en la ciudad de Puerto Montt, la cual ofrece instalaci\u00f3n, mantenimiento preventivo, reparaci\u00f3n y repuestos para sillones dentales, compresores y autoclaves. El modelo de negocio establecida por Dental SIMS consiste en ofrecer una soluci\u00f3n eficiente, en el [&hellip;]<\/p>\n","protected":false},"author":1,"featured_media":0,"parent":0,"menu_order":0,"comment_status":"closed","ping_status":"closed","template":"","meta":{"site-sidebar-layout":"no-sidebar","site-content-layout":"","ast-site-content-layout":"full-width-container","site-content-style":"default","site-sidebar-style":"default","ast-global-header-display":"","ast-banner-title-visibility":"","ast-main-header-display":"","ast-hfb-above-header-display":"","ast-hfb-below-header-display":"","ast-hfb-mobile-header-display":"","site-post-title":"disabled","ast-breadcrumbs-content":"","ast-featured-img":"disabled","footer-sml-layout":"","theme-transparent-header-meta":"","adv-header-id-meta":"","stick-header-meta":"","header-above-stick-meta":"","header-main-stick-meta":"","header-below-stick-meta":"","astra-migrate-meta-layouts":"default","ast-page-background-enabled":"default","ast-page-background-meta":{"desktop":{"background-color":"var(--ast-global-color-4)","background-image":"","background-repeat":"repeat","background-position":"center center","background-size":"auto","background-attachment":"scroll","background-type":"","background-media":"","overlay-type":"","overlay-color":"","overlay-opacity":"","overlay-gradient":""},"tablet":{"background-color":"","background-image":"","background-repeat":"repeat","background-position":"center center","background-size":"auto","background-attachment":"scroll","background-type":"","background-media":"","overlay-type":"","overlay-color":"","overlay-opacity":"","overlay-gradient":""},"mobile":{"background-color":"","background-image":"","background-repeat":"repeat","background-position":"center center","background-size":"auto","background-attachment":"scroll","background-type":"","background-media":"","overlay-type":"","overlay-color":"","overlay-opacity":"","overlay-gradient":""}},"ast-content-background-meta":{"desktop":{"background-color":"var(--ast-global-color-5)","background-image":"","background-repeat":"repeat","background-position":"center center","background-size":"auto","background-attachment":"scroll","background-type":"","background-media":"","overlay-type":"","overlay-color":"","overlay-opacity":"","overlay-gradient":""},"tablet":{"background-color":"var(--ast-global-color-5)","background-image":"","background-repeat":"repeat","background-position":"center center","background-size":"auto","background-attachment":"scroll","background-type":"","background-media":"","overlay-type":"","overlay-color":"","overlay-opacity":"","overlay-gradient":""},"mobile":{"background-color":"var(--ast-global-color-5)","background-image":"","background-repeat":"repeat","background-position":"center center","background-size":"auto","background-attachment":"scroll","background-type":"","background-media":"","overlay-type":"","overlay-color":"","overlay-opacity":"","overlay-gradient":""}},"_joinchat":[],"footnotes":""},"class_list":["post-12","page","type-page","status-publish","hentry"],"yoast_head":"<!-- This site is optimized with the Yoast SEO plugin v25.3.1 - https:\/\/yoast.com\/wordpress\/plugins\/seo\/ -->\n<title>Empresa | DentalSims<\/title>\n<meta name=\"robots\" content=\"index, follow, max-snippet:-1, max-image-preview:large, max-video-preview:-1\" \/>\n<link rel=\"canonical\" href=\"https:\/\/dentalsims.cl\/index.php\/empresa\/\" \/>\n<meta property=\"og:locale\" content=\"es_ES\" \/>\n<meta property=\"og:type\" content=\"article\" \/>\n<meta property=\"og:title\" content=\"Empresa | DentalSims\" \/>\n<meta property=\"og:description\" content=\"Dental SIMS es una Empresa que entrega un servicio t\u00e9cnico de reparaci\u00f3n y mantenimiento de equipos dentales, ubicada en la ciudad de Puerto Montt, la cual ofrece instalaci\u00f3n, mantenimiento preventivo, reparaci\u00f3n y repuestos para sillones dentales, compresores y autoclaves. El modelo de negocio establecida por Dental SIMS consiste en ofrecer una soluci\u00f3n eficiente, en el [&hellip;]\" \/>\n<meta property=\"og:url\" content=\"https:\/\/dentalsims.cl\/index.php\/empresa\/\" \/>\n<meta property=\"og:site_name\" content=\"DentalSims\" \/>\n<meta property=\"article:publisher\" content=\"https:\/\/www.facebook.com\/profile.php?id=61554544680852\" \/>\n<meta property=\"article:modified_time\" content=\"2025-06-11T00:55:04+00:00\" \/>\n<meta property=\"og:image\" content=\"https:\/\/dentalsims.cl\/wp-content\/uploads\/2023\/12\/LOGO.png\" \/>\n<meta name=\"twitter:card\" content=\"summary_large_image\" \/>\n<meta name=\"twitter:label1\" content=\"Tiempo de lectura\" \/>\n\t<meta name=\"twitter:data1\" content=\"2 minutos\" \/>\n<script type=\"application\/ld+json\" class=\"yoast-schema-graph\">{\"@context\":\"https:\/\/schema.org\",\"@graph\":[{\"@type\":\"WebPage\",\"@id\":\"https:\/\/dentalsims.cl\/index.php\/empresa\/\",\"url\":\"https:\/\/dentalsims.cl\/index.php\/empresa\/\",\"name\":\"Empresa | DentalSims\",\"isPartOf\":{\"@id\":\"https:\/\/dentalsims.cl\/#website\"},\"primaryImageOfPage\":{\"@id\":\"https:\/\/dentalsims.cl\/index.php\/empresa\/#primaryimage\"},\"image\":{\"@id\":\"https:\/\/dentalsims.cl\/index.php\/empresa\/#primaryimage\"},\"thumbnailUrl\":\"https:\/\/dentalsims.cl\/wp-content\/uploads\/2023\/12\/LOGO.png\",\"datePublished\":\"2023-12-08T19:02:02+00:00\",\"dateModified\":\"2025-06-11T00:55:04+00:00\",\"breadcrumb\":{\"@id\":\"https:\/\/dentalsims.cl\/index.php\/empresa\/#breadcrumb\"},\"inLanguage\":\"es\",\"potentialAction\":[{\"@type\":\"ReadAction\",\"target\":[\"https:\/\/dentalsims.cl\/index.php\/empresa\/\"]}]},{\"@type\":\"ImageObject\",\"inLanguage\":\"es\",\"@id\":\"https:\/\/dentalsims.cl\/index.php\/empresa\/#primaryimage\",\"url\":\"https:\/\/dentalsims.cl\/wp-content\/uploads\/2023\/12\/LOGO.png\",\"contentUrl\":\"https:\/\/dentalsims.cl\/wp-content\/uploads\/2023\/12\/LOGO.png\",\"width\":411,\"height\":150},{\"@type\":\"BreadcrumbList\",\"@id\":\"https:\/\/dentalsims.cl\/index.php\/empresa\/#breadcrumb\",\"itemListElement\":[{\"@type\":\"ListItem\",\"position\":1,\"name\":\"Portada\",\"item\":\"https:\/\/dentalsims.cl\/\"},{\"@type\":\"ListItem\",\"position\":2,\"name\":\"Empresa\"}]},{\"@type\":\"WebSite\",\"@id\":\"https:\/\/dentalsims.cl\/#website\",\"url\":\"https:\/\/dentalsims.cl\/\",\"name\":\"DentalSims\",\"description\":\"Mantencion de equipos dentales\",\"publisher\":{\"@id\":\"https:\/\/dentalsims.cl\/#organization\"},\"potentialAction\":[{\"@type\":\"SearchAction\",\"target\":{\"@type\":\"EntryPoint\",\"urlTemplate\":\"https:\/\/dentalsims.cl\/?s={search_term_string}\"},\"query-input\":{\"@type\":\"PropertyValueSpecification\",\"valueRequired\":true,\"valueName\":\"search_term_string\"}}],\"inLanguage\":\"es\"},{\"@type\":\"Organization\",\"@id\":\"https:\/\/dentalsims.cl\/#organization\",\"name\":\"DentalSims\",\"url\":\"https:\/\/dentalsims.cl\/\",\"logo\":{\"@type\":\"ImageObject\",\"inLanguage\":\"es\",\"@id\":\"https:\/\/dentalsims.cl\/#\/schema\/logo\/image\/\",\"url\":\"https:\/\/dentalsims.cl\/wp-content\/uploads\/2023\/12\/LOGO.png\",\"contentUrl\":\"https:\/\/dentalsims.cl\/wp-content\/uploads\/2023\/12\/LOGO.png\",\"width\":411,\"height\":150,\"caption\":\"DentalSims\"},\"image\":{\"@id\":\"https:\/\/dentalsims.cl\/#\/schema\/logo\/image\/\"},\"sameAs\":[\"https:\/\/www.facebook.com\/profile.php?id=61554544680852\",\"https:\/\/www.instagram.com\/dentalsims\/\"]}]}<\/script>\n<!-- \/ Yoast SEO plugin. -->","yoast_head_json":{"title":"Empresa | DentalSims","robots":{"index":"index","follow":"follow","max-snippet":"max-snippet:-1","max-image-preview":"max-image-preview:large","max-video-preview":"max-video-preview:-1"},"canonical":"https:\/\/dentalsims.cl\/index.php\/empresa\/","og_locale":"es_ES","og_type":"article","og_title":"Empresa | DentalSims","og_description":"Dental SIMS es una Empresa que entrega un servicio t\u00e9cnico de reparaci\u00f3n y mantenimiento de equipos dentales, ubicada en la ciudad de Puerto Montt, la cual ofrece instalaci\u00f3n, mantenimiento preventivo, reparaci\u00f3n y repuestos para sillones dentales, compresores y autoclaves. El modelo de negocio establecida por Dental SIMS consiste en ofrecer una soluci\u00f3n eficiente, en el [&hellip;]","og_url":"https:\/\/dentalsims.cl\/index.php\/empresa\/","og_site_name":"DentalSims","article_publisher":"https:\/\/www.facebook.com\/profile.php?id=61554544680852","article_modified_time":"2025-06-11T00:55:04+00:00","og_image":[{"url":"https:\/\/dentalsims.cl\/wp-content\/uploads\/2023\/12\/LOGO.png","type":"","width":"","height":""}],"twitter_card":"summary_large_image","twitter_misc":{"Tiempo de lectura":"2 minutos"},"schema":{"@context":"https:\/\/schema.org","@graph":[{"@type":"WebPage","@id":"https:\/\/dentalsims.cl\/index.php\/empresa\/","url":"https:\/\/dentalsims.cl\/index.php\/empresa\/","name":"Empresa | DentalSims","isPartOf":{"@id":"https:\/\/dentalsims.cl\/#website"},"primaryImageOfPage":{"@id":"https:\/\/dentalsims.cl\/index.php\/empresa\/#primaryimage"},"image":{"@id":"https:\/\/dentalsims.cl\/index.php\/empresa\/#primaryimage"},"thumbnailUrl":"https:\/\/dentalsims.cl\/wp-content\/uploads\/2023\/12\/LOGO.png","datePublished":"2023-12-08T19:02:02+00:00","dateModified":"2025-06-11T00:55:04+00:00","breadcrumb":{"@id":"https:\/\/dentalsims.cl\/index.php\/empresa\/#breadcrumb"},"inLanguage":"es","potentialAction":[{"@type":"ReadAction","target":["https:\/\/dentalsims.cl\/index.php\/empresa\/"]}]},{"@type":"ImageObject","inLanguage":"es","@id":"https:\/\/dentalsims.cl\/index.php\/empresa\/#primaryimage","url":"https:\/\/dentalsims.cl\/wp-content\/uploads\/2023\/12\/LOGO.png","contentUrl":"https:\/\/dentalsims.cl\/wp-content\/uploads\/2023\/12\/LOGO.png","width":411,"height":150},{"@type":"BreadcrumbList","@id":"https:\/\/dentalsims.cl\/index.php\/empresa\/#breadcrumb","itemListElement":[{"@type":"ListItem","position":1,"name":"Portada","item":"https:\/\/dentalsims.cl\/"},{"@type":"ListItem","position":2,"name":"Empresa"}]},{"@type":"WebSite","@id":"https:\/\/dentalsims.cl\/#website","url":"https:\/\/dentalsims.cl\/","name":"DentalSims","description":"Mantencion de equipos dentales","publisher":{"@id":"https:\/\/dentalsims.cl\/#organization"},"potentialAction":[{"@type":"SearchAction","target":{"@type":"EntryPoint","urlTemplate":"https:\/\/dentalsims.cl\/?s={search_term_string}"},"query-input":{"@type":"PropertyValueSpecification","valueRequired":true,"valueName":"search_term_string"}}],"inLanguage":"es"},{"@type":"Organization","@id":"https:\/\/dentalsims.cl\/#organization","name":"DentalSims","url":"https:\/\/dentalsims.cl\/","logo":{"@type":"ImageObject","inLanguage":"es","@id":"https:\/\/dentalsims.cl\/#\/schema\/logo\/image\/","url":"https:\/\/dentalsims.cl\/wp-content\/uploads\/2023\/12\/LOGO.png","contentUrl":"https:\/\/dentalsims.cl\/wp-content\/uploads\/2023\/12\/LOGO.png","width":411,"height":150,"caption":"DentalSims"},"image":{"@id":"https:\/\/dentalsims.cl\/#\/schema\/logo\/image\/"},"sameAs":["https:\/\/www.facebook.com\/profile.php?id=61554544680852","https:\/\/www.instagram.com\/dentalsims\/"]}]}},"_links":{"self":[{"href":"https:\/\/dentalsims.cl\/index.php\/wp-json\/wp\/v2\/pages\/12","targetHints":{"allow":["GET"]}}],"collection":[{"href":"https:\/\/dentalsims.cl\/index.php\/wp-json\/wp\/v2\/pages"}],"about":[{"href":"https:\/\/dentalsims.cl\/index.php\/wp-json\/wp\/v2\/types\/page"}],"author":[{"embeddable":true,"href":"https:\/\/dentalsims.cl\/index.php\/wp-json\/wp\/v2\/users\/1"}],"replies":[{"embeddable":true,"href":"https:\/\/dentalsims.cl\/index.php\/wp-json\/wp\/v2\/comments?post=12"}],"version-history":[{"count":34,"href":"https:\/\/dentalsims.cl\/index.php\/wp-json\/wp\/v2\/pages\/12\/revisions"}],"predecessor-version":[{"id":836,"href":"https:\/\/dentalsims.cl\/index.php\/wp-json\/wp\/v2\/pages\/12\/revisions\/836"}],"wp:attachment":[{"href":"https:\/\/dentalsims.cl\/index.php\/wp-json\/wp\/v2\/media?parent=12"}],"curies":[{"name":"wp","href":"https:\/\/api.w.org\/{rel}","templated":true}]}}